{"id":836,"date":"2026-04-20T22:25:44","date_gmt":"2026-04-20T22:25:44","guid":{"rendered":"https:\/\/trifkebmd.rs\/?post_type=product&#038;p=836"},"modified":"2026-05-05T19:30:38","modified_gmt":"2026-05-05T19:30:38","slug":"dvosed-romansa","status":"publish","type":"product","link":"https:\/\/trifkebmd.rs\/index.php\/product\/dvosed-romansa\/","title":{"rendered":"Dvosed Romansa"},"content":{"rendered":"<p>Dvosed Romansa dimenzija 155&#215;85 cm predstavlja savr\u0161en spoj kompaktnosti i udobnosti. Kao fiksni model, obezbe\u0111uje dodatnu stabilnost i pouzdanost, dok njegov dizajn omogu\u0107ava lako uklapanje uz ostatak kompleta ili u manje prostore.<\/p>\n","protected":false},"excerpt":{"rendered":"<p>Dvosed Romansa dimenzija 155&#215;85 cm predstavlja savr\u0161en spoj kompaktnosti i udobnosti. Kao fiksni model, obezbe\u0111uje dodatnu stabilnost i pouzdanost, dok njegov dizajn omogu\u0107ava lako uklapanje uz ostatak kompleta ili u manje prostore.<\/p>\n","protected":false},"featured_media":874,"comment_status":"open","ping_status":"closed","template":"","meta":[],"product_brand":[],"product_cat":[27],"product_tag":[],"class_list":{"0":"post-836","1":"product","2":"type-product","3":"status-publish","4":"has-post-thumbnail","6":"product_cat-dvosed","8":"first","9":"instock","10":"sale","11":"shipping-taxable","12":"purchasable","13":"product-type-simple"},"jetpack_sharing_enabled":true,"_links":{"self":[{"href":"https:\/\/trifkebmd.rs\/index.php\/wp-json\/wp\/v2\/product\/836","targetHints":{"allow":["GET"]}}],"collection":[{"href":"https:\/\/trifkebmd.rs\/index.php\/wp-json\/wp\/v2\/product"}],"about":[{"href":"https:\/\/trifkebmd.rs\/index.php\/wp-json\/wp\/v2\/types\/product"}],"replies":[{"embeddable":true,"href":"https:\/\/trifkebmd.rs\/index.php\/wp-json\/wp\/v2\/comments?post=836"}],"wp:featuredmedia":[{"embeddable":true,"href":"https:\/\/trifkebmd.rs\/index.php\/wp-json\/wp\/v2\/media\/874"}],"wp:attachment":[{"href":"https:\/\/trifkebmd.rs\/index.php\/wp-json\/wp\/v2\/media?parent=836"}],"wp:term":[{"taxonomy":"product_brand","embeddable":true,"href":"https:\/\/trifkebmd.rs\/index.php\/wp-json\/wp\/v2\/product_brand?post=836"},{"taxonomy":"product_cat","embeddable":true,"href":"https:\/\/trifkebmd.rs\/index.php\/wp-json\/wp\/v2\/product_cat?post=836"},{"taxonomy":"product_tag","embeddable":true,"href":"https:\/\/trifkebmd.rs\/index.php\/wp-json\/wp\/v2\/product_tag?post=836"}],"curies":[{"name":"wp","href":"https:\/\/api.w.org\/{rel}","templated":true}]}}